{"id":819,"date":"2026-03-28T12:38:47","date_gmt":"2026-03-28T12:38:47","guid":{"rendered":"https:\/\/nhunhu.azdigi.shop\/?post_type=product&#038;p=819"},"modified":"2026-04-12T02:58:47","modified_gmt":"2026-04-12T02:58:47","slug":"cap-nhan-cuoi-vang-liz","status":"publish","type":"product","link":"https:\/\/nhunhu.azdigi.shop\/?product=cap-nhan-cuoi-vang-liz","title":{"rendered":"C\u1eb7p nh\u1eabn c\u01b0\u1edbi V\u00e0ng LIZ"},"content":{"rendered":"<p data-start=\"518\" data-end=\"839\"><img loading=\"lazy\" decoding=\"async\" class=\" wp-image-820 alignright\" src=\"https:\/\/nhunhu.azdigi.shop\/wp-content\/uploads\/2026\/03\/nc7-300x300.jpg\" alt=\"\" width=\"254\" height=\"254\" srcset=\"https:\/\/nhunhu.azdigi.shop\/wp-content\/uploads\/2026\/03\/nc7-300x300.jpg 300w, https:\/\/nhunhu.azdigi.shop\/wp-content\/uploads\/2026\/03\/nc7-1024x1024.jpg 1024w, https:\/\/nhunhu.azdigi.shop\/wp-content\/uploads\/2026\/03\/nc7-150x150.jpg 150w, https:\/\/nhunhu.azdigi.shop\/wp-content\/uploads\/2026\/03\/nc7-768x768.jpg 768w, https:\/\/nhunhu.azdigi.shop\/wp-content\/uploads\/2026\/03\/nc7-1536x1536.jpg 1536w, https:\/\/nhunhu.azdigi.shop\/wp-content\/uploads\/2026\/03\/nc7-600x600.jpg 600w, https:\/\/nhunhu.azdigi.shop\/wp-content\/uploads\/2026\/03\/nc7-100x100.jpg 100w, https:\/\/nhunhu.azdigi.shop\/wp-content\/uploads\/2026\/03\/nc7.jpg 2000w\" sizes=\"auto, (max-width: 254px) 100vw, 254px\" \/>C\u1eb7p nh\u1eabn c\u01b0\u1edbi v\u00e0ng LIZ l\u00e0 l\u1ef1a ch\u1ecdn ho\u00e0n h\u1ea3o d\u00e0nh cho nh\u1eefng c\u1eb7p \u0111\u00f4i y\u00eau th\u00edch v\u1ebb \u0111\u1eb9p thanh l\u1ecbch, hi\u1ec7n \u0111\u1ea1i nh\u01b0ng v\u1eabn gi\u1eef \u0111\u01b0\u1ee3c \u00fd ngh\u0129a thi\u00eang li\u00eang trong ng\u00e0y c\u01b0\u1edbi. V\u1edbi s\u1eafc v\u00e0ng \u1ea5m \u00e1p c\u00f9ng thi\u1ebft k\u1ebf \u0111\u1ed3ng \u0111i\u1ec7u cho nam v\u00e0 n\u1eef.<\/p>\n<p data-start=\"841\" data-end=\"1093\">\u0110i\u1ec3m n\u1ed5i b\u1eadt\u00a0n\u1eb1m \u1edf ki\u1ec3u d\u00e1ng tinh t\u1ebf, d\u1ec5 \u0111eo h\u1eb1ng ng\u00e0y v\u00e0 ph\u00f9 h\u1ee3p v\u1edbi nhi\u1ec1u phong c\u00e1ch. D\u00f9 l\u00e0 thi\u1ebft k\u1ebf tr\u01a1n t\u1ed1i gi\u1ea3n hay \u0111i\u1ec3m xuy\u1ebft \u0111\u00e1 nh\u1ecf, m\u1eabu nh\u1eabn n\u00e0y v\u1eabn to\u00e1t l\u00ean v\u1ebb sang tr\u1ecdng v\u00e0 \u0111\u1ea7y c\u1ea3m x\u00fac cho kho\u1ea3nh kh\u1eafc tr\u1ecdng \u0111\u1ea1i.<\/p>\n<p data-start=\"841\" data-end=\"1093\"><strong>Thi\u1ebft k\u1ebf<\/strong><\/p>\n<p>D\u00e1ng tr\u01a1n thanh l\u1ecbch<\/p>\n<p>Form nh\u1eabn \u0111\u00f4i nam n\u1eef \u0111\u1ed3ng \u0111i\u1ec7u<\/p>\n<p>\u0110i\u1ec3m nh\u1ea5n \u0111\u00e1 nh\u1ecf n\u1eef t\u00ednh<\/p>\n<p>V\u00e0ng 10K, 14K ho\u1eb7c 18K b\u1ec1n \u0111\u1eb9p<\/p>\n<p data-start=\"841\" data-end=\"1093\"><strong>\u00dd ngh\u0129a<\/strong><\/p>\n<p>T\u01b0\u1ee3ng tr\u01b0ng cho s\u1ef1 g\u1eafn k\u1ebft<\/p>\n<p>L\u01b0u gi\u1eef l\u1eddi h\u1ee9a tr\u1ecdn \u0111\u1eddi<\/p>\n<p>Mang v\u1ebb \u0111\u1eb9p sang tr\u1ecdng, tinh t\u1ebf<\/p>\n<p>Th\u1ec3 hi\u1ec7n s\u1ef1 \u0111\u1ed3ng \u0111i\u1ec7u gi\u1eefa hai ng\u01b0\u1eddi<\/p>\n<p><strong>V\u00ec sao n\u00ean ch\u1ecdn c\u1eb7p nh\u1eabn\u00a0c\u01b0\u1edbi v\u00e0ng LIZ?<\/strong><\/p>\n<p>D\u1ec5 \u0111eo m\u1ed7i ng\u00e0y<\/p>\n<p>Ph\u00f9 h\u1ee3p nhi\u1ec1u phong c\u00e1ch c\u01b0\u1edbi<\/p>\n<p>Mang gi\u00e1 tr\u1ecb tinh th\u1ea7n l\u1edbn<\/p>\n<p>L\u00e0 bi\u1ec3u t\u01b0\u1ee3ng cho t\u00ecnh y\u00eau b\u1ec1n v\u1eefng<\/p>\n<p><strong>C\u00e1ch b\u1ea3o qu\u1ea3n<\/strong><\/p>\n<p>Tr\u00e1nh h\u00f3a ch\u1ea5t m\u1ea1nh<\/p>\n<p>Lau b\u1eb1ng kh\u0103n m\u1ec1m sau khi \u0111eo<\/p>\n<p>Kh\u00f4ng \u0111\u1ec3 va ch\u1ea1m nhi\u1ec1u<\/p>\n<p>C\u1ea5t trong h\u1ed9p nhung ri\u00eang<\/p>\n<p>C\u1eb7p nh\u1eabn c\u01b0\u1edbi v\u00e0ng LIZ kh\u00f4ng ch\u1ec9 t\u00f4n l\u00ean v\u1ebb \u0111\u1eb9p thanh l\u1ecbch cho \u0111\u00f4i tay m\u00e0 c\u00f2n l\u01b0u gi\u1eef gi\u00e1 tr\u1ecb c\u1ea3m x\u00fac thi\u00eang li\u00eang trong ng\u00e0y tr\u1ecdng \u0111\u1ea1i. Thi\u1ebft k\u1ebf \u0111\u1ed3ng \u0111i\u1ec7u gi\u00fap c\u1ea3 hai lu\u00f4n c\u1ea3m nh\u1eadn \u0111\u01b0\u1ee3c s\u1ef1 g\u1eafn k\u1ebft trong h\u00e0nh tr\u00ecnh h\u00f4n nh\u00e2n.<\/p>\n<p>Tham kh\u1ea3o th\u00eam https:\/\/www.wikihow.com\/Clean-Gold-Jewelry<\/p>\n","protected":false},"excerpt":{"rendered":"<p>D\u00e0nh cho nh\u1eefng c\u1eb7p \u0111\u00f4i y\u00eau th\u00edch v\u1ebb \u0111\u1eb9p \u0111\u01a1n gi\u1ea3n nh\u01b0ng b\u1ec1n v\u1eefng. Nh\u1eefng m\u1eabu nh\u1eabn c\u01b0\u1edbi tr\u01a1n ho\u1eb7c \u0111\u00ednh m\u1ed9t vi\u00ean \u0111\u00e1 qu\u00fd duy nh\u1ea5t mang l\u1ea1i v\u1ebb \u0111\u1eb9p v\u01b0\u1ee3t th\u1eddi gian, d\u1ec5 d\u00e0ng k\u1ebft h\u1ee3p v\u1edbi m\u1ecdi trang ph\u1ee5c h\u00e0ng ng\u00e0y m\u00e0 v\u1eabn to\u1ea3 s\u00e1ng n\u00e9t sang tr\u1ecdng.<\/p>\n","protected":false},"featured_media":820,"comment_status":"open","ping_status":"closed","template":"","meta":[],"product_brand":[],"product_cat":[36],"product_tag":[],"class_list":{"0":"post-819","1":"product","2":"type-product","3":"status-publish","4":"has-post-thumbnail","6":"product_cat-nhan-cuoi","8":"first","9":"instock","10":"shipping-taxable","11":"purchasable","12":"product-type-variable"},"yoast_head":"<!-- This site is optimized with the Yoast SEO plugin v26.8 - https:\/\/yoast.com\/product\/yoast-seo-wordpress\/ -->\n<title>C\u1eb7p nh\u1eabn c\u01b0\u1edbi V\u00e0ng LIZ - PN CHIC<\/title>\n<meta name=\"description\" content=\"C\u1eb7p nh\u1eabn c\u01b0\u1edbi v\u00e0ng LIZ mang v\u1ebb \u0111\u1eb9p sang tr\u1ecdng, tinh t\u1ebf v\u00e0 l\u00e0 bi\u1ec3u t\u01b0\u1ee3ng cho t\u00ecnh y\u00eau g\u1eafn k\u1ebft tr\u1ecdn \u0111\u1eddi.\" \/>\n<meta name=\"robots\" content=\"index, follow, max-snippet:-1, max-image-preview:large, max-video-preview:-1\" \/>\n<link rel=\"canonical\" href=\"https:\/\/nhunhu.azdigi.shop\/?product=cap-nhan-cuoi-vang-liz\" \/>\n<meta property=\"og:locale\" content=\"vi_VN\" \/>\n<meta property=\"og:type\" content=\"article\" \/>\n<meta property=\"og:title\" content=\"C\u1eb7p nh\u1eabn c\u01b0\u1edbi V\u00e0ng LIZ - PN CHIC\" \/>\n<meta property=\"og:description\" content=\"C\u1eb7p nh\u1eabn c\u01b0\u1edbi v\u00e0ng LIZ mang v\u1ebb \u0111\u1eb9p sang tr\u1ecdng, tinh t\u1ebf v\u00e0 l\u00e0 bi\u1ec3u t\u01b0\u1ee3ng cho t\u00ecnh y\u00eau g\u1eafn k\u1ebft tr\u1ecdn \u0111\u1eddi.\" \/>\n<meta property=\"og:url\" content=\"https:\/\/nhunhu.azdigi.shop\/?product=cap-nhan-cuoi-vang-liz\" \/>\n<meta property=\"og:site_name\" content=\"PN CHIC\" \/>\n<meta property=\"article:modified_time\" content=\"2026-04-12T02:58:47+00:00\" \/>\n<meta property=\"og:image\" content=\"https:\/\/nhunhu.azdigi.shop\/wp-content\/uploads\/2026\/03\/nc7.jpg\" \/>\n\t<meta property=\"og:image:width\" content=\"2000\" \/>\n\t<meta property=\"og:image:height\" content=\"2000\" \/>\n\t<meta property=\"og:image:type\" content=\"image\/jpeg\" \/>\n<meta name=\"twitter:card\" content=\"summary_large_image\" \/>\n<meta name=\"twitter:label1\" content=\"\u01af\u1edbc t\u00ednh th\u1eddi gian \u0111\u1ecdc\" \/>\n\t<meta name=\"twitter:data1\" content=\"2 ph\u00fat\" \/>\n<script type=\"application\/ld+json\" class=\"yoast-schema-graph\">{\"@context\":\"https:\/\/schema.org\",\"@graph\":[{\"@type\":\"WebPage\",\"@id\":\"https:\/\/nhunhu.azdigi.shop\/?product=cap-nhan-cuoi-vang-liz\",\"url\":\"https:\/\/nhunhu.azdigi.shop\/?product=cap-nhan-cuoi-vang-liz\",\"name\":\"C\u1eb7p nh\u1eabn c\u01b0\u1edbi V\u00e0ng LIZ - PN CHIC\",\"isPartOf\":{\"@id\":\"https:\/\/nhunhu.azdigi.shop\/#website\"},\"primaryImageOfPage\":{\"@id\":\"https:\/\/nhunhu.azdigi.shop\/?product=cap-nhan-cuoi-vang-liz#primaryimage\"},\"image\":{\"@id\":\"https:\/\/nhunhu.azdigi.shop\/?product=cap-nhan-cuoi-vang-liz#primaryimage\"},\"thumbnailUrl\":\"https:\/\/nhunhu.azdigi.shop\/wp-content\/uploads\/2026\/03\/nc7.jpg\",\"datePublished\":\"2026-03-28T12:38:47+00:00\",\"dateModified\":\"2026-04-12T02:58:47+00:00\",\"description\":\"C\u1eb7p nh\u1eabn c\u01b0\u1edbi v\u00e0ng LIZ mang v\u1ebb \u0111\u1eb9p sang tr\u1ecdng, tinh t\u1ebf v\u00e0 l\u00e0 bi\u1ec3u t\u01b0\u1ee3ng cho t\u00ecnh y\u00eau g\u1eafn k\u1ebft tr\u1ecdn \u0111\u1eddi.\",\"breadcrumb\":{\"@id\":\"https:\/\/nhunhu.azdigi.shop\/?product=cap-nhan-cuoi-vang-liz#breadcrumb\"},\"inLanguage\":\"vi\",\"potentialAction\":[{\"@type\":\"ReadAction\",\"target\":[\"https:\/\/nhunhu.azdigi.shop\/?product=cap-nhan-cuoi-vang-liz\"]}]},{\"@type\":\"ImageObject\",\"inLanguage\":\"vi\",\"@id\":\"https:\/\/nhunhu.azdigi.shop\/?product=cap-nhan-cuoi-vang-liz#primaryimage\",\"url\":\"https:\/\/nhunhu.azdigi.shop\/wp-content\/uploads\/2026\/03\/nc7.jpg\",\"contentUrl\":\"https:\/\/nhunhu.azdigi.shop\/wp-content\/uploads\/2026\/03\/nc7.jpg\",\"width\":2000,\"height\":2000},{\"@type\":\"BreadcrumbList\",\"@id\":\"https:\/\/nhunhu.azdigi.shop\/?product=cap-nhan-cuoi-vang-liz#breadcrumb\",\"itemListElement\":[{\"@type\":\"ListItem\",\"position\":1,\"name\":\"Trang ch\u1ee7\",\"item\":\"https:\/\/nhunhu.azdigi.shop\/\"},{\"@type\":\"ListItem\",\"position\":2,\"name\":\"Shop\",\"item\":\"https:\/\/nhunhu.azdigi.shop\/?page_id=85\"},{\"@type\":\"ListItem\",\"position\":3,\"name\":\"C\u1eb7p nh\u1eabn c\u01b0\u1edbi V\u00e0ng LIZ\"}]},{\"@type\":\"WebSite\",\"@id\":\"https:\/\/nhunhu.azdigi.shop\/#website\",\"url\":\"https:\/\/nhunhu.azdigi.shop\/\",\"name\":\"Ph\u1ee5 Ki\u1ec7n Nh\u1ecf - C\u00e1 T\u00ednh L\u1edbn\",\"description\":\"\",\"potentialAction\":[{\"@type\":\"SearchAction\",\"target\":{\"@type\":\"EntryPoint\",\"urlTemplate\":\"https:\/\/nhunhu.azdigi.shop\/?s={search_term_string}\"},\"query-input\":{\"@type\":\"PropertyValueSpecification\",\"valueRequired\":true,\"valueName\":\"search_term_string\"}}],\"inLanguage\":\"vi\"}]}<\/script>\n<!-- \/ Yoast SEO plugin. -->","yoast_head_json":{"title":"C\u1eb7p nh\u1eabn c\u01b0\u1edbi V\u00e0ng LIZ - PN CHIC","description":"C\u1eb7p nh\u1eabn c\u01b0\u1edbi v\u00e0ng LIZ mang v\u1ebb \u0111\u1eb9p sang tr\u1ecdng, tinh t\u1ebf v\u00e0 l\u00e0 bi\u1ec3u t\u01b0\u1ee3ng cho t\u00ecnh y\u00eau g\u1eafn k\u1ebft tr\u1ecdn \u0111\u1eddi.","robots":{"index":"index","follow":"follow","max-snippet":"max-snippet:-1","max-image-preview":"max-image-preview:large","max-video-preview":"max-video-preview:-1"},"canonical":"https:\/\/nhunhu.azdigi.shop\/?product=cap-nhan-cuoi-vang-liz","og_locale":"vi_VN","og_type":"article","og_title":"C\u1eb7p nh\u1eabn c\u01b0\u1edbi V\u00e0ng LIZ - PN CHIC","og_description":"C\u1eb7p nh\u1eabn c\u01b0\u1edbi v\u00e0ng LIZ mang v\u1ebb \u0111\u1eb9p sang tr\u1ecdng, tinh t\u1ebf v\u00e0 l\u00e0 bi\u1ec3u t\u01b0\u1ee3ng cho t\u00ecnh y\u00eau g\u1eafn k\u1ebft tr\u1ecdn \u0111\u1eddi.","og_url":"https:\/\/nhunhu.azdigi.shop\/?product=cap-nhan-cuoi-vang-liz","og_site_name":"PN CHIC","article_modified_time":"2026-04-12T02:58:47+00:00","og_image":[{"width":2000,"height":2000,"url":"https:\/\/nhunhu.azdigi.shop\/wp-content\/uploads\/2026\/03\/nc7.jpg","type":"image\/jpeg"}],"twitter_card":"summary_large_image","twitter_misc":{"\u01af\u1edbc t\u00ednh th\u1eddi gian \u0111\u1ecdc":"2 ph\u00fat"},"schema":{"@context":"https:\/\/schema.org","@graph":[{"@type":"WebPage","@id":"https:\/\/nhunhu.azdigi.shop\/?product=cap-nhan-cuoi-vang-liz","url":"https:\/\/nhunhu.azdigi.shop\/?product=cap-nhan-cuoi-vang-liz","name":"C\u1eb7p nh\u1eabn c\u01b0\u1edbi V\u00e0ng LIZ - PN CHIC","isPartOf":{"@id":"https:\/\/nhunhu.azdigi.shop\/#website"},"primaryImageOfPage":{"@id":"https:\/\/nhunhu.azdigi.shop\/?product=cap-nhan-cuoi-vang-liz#primaryimage"},"image":{"@id":"https:\/\/nhunhu.azdigi.shop\/?product=cap-nhan-cuoi-vang-liz#primaryimage"},"thumbnailUrl":"https:\/\/nhunhu.azdigi.shop\/wp-content\/uploads\/2026\/03\/nc7.jpg","datePublished":"2026-03-28T12:38:47+00:00","dateModified":"2026-04-12T02:58:47+00:00","description":"C\u1eb7p nh\u1eabn c\u01b0\u1edbi v\u00e0ng LIZ mang v\u1ebb \u0111\u1eb9p sang tr\u1ecdng, tinh t\u1ebf v\u00e0 l\u00e0 bi\u1ec3u t\u01b0\u1ee3ng cho t\u00ecnh y\u00eau g\u1eafn k\u1ebft tr\u1ecdn \u0111\u1eddi.","breadcrumb":{"@id":"https:\/\/nhunhu.azdigi.shop\/?product=cap-nhan-cuoi-vang-liz#breadcrumb"},"inLanguage":"vi","potentialAction":[{"@type":"ReadAction","target":["https:\/\/nhunhu.azdigi.shop\/?product=cap-nhan-cuoi-vang-liz"]}]},{"@type":"ImageObject","inLanguage":"vi","@id":"https:\/\/nhunhu.azdigi.shop\/?product=cap-nhan-cuoi-vang-liz#primaryimage","url":"https:\/\/nhunhu.azdigi.shop\/wp-content\/uploads\/2026\/03\/nc7.jpg","contentUrl":"https:\/\/nhunhu.azdigi.shop\/wp-content\/uploads\/2026\/03\/nc7.jpg","width":2000,"height":2000},{"@type":"BreadcrumbList","@id":"https:\/\/nhunhu.azdigi.shop\/?product=cap-nhan-cuoi-vang-liz#breadcrumb","itemListElement":[{"@type":"ListItem","position":1,"name":"Trang ch\u1ee7","item":"https:\/\/nhunhu.azdigi.shop\/"},{"@type":"ListItem","position":2,"name":"Shop","item":"https:\/\/nhunhu.azdigi.shop\/?page_id=85"},{"@type":"ListItem","position":3,"name":"C\u1eb7p nh\u1eabn c\u01b0\u1edbi V\u00e0ng LIZ"}]},{"@type":"WebSite","@id":"https:\/\/nhunhu.azdigi.shop\/#website","url":"https:\/\/nhunhu.azdigi.shop\/","name":"Ph\u1ee5 Ki\u1ec7n Nh\u1ecf - C\u00e1 T\u00ednh L\u1edbn","description":"","potentialAction":[{"@type":"SearchAction","target":{"@type":"EntryPoint","urlTemplate":"https:\/\/nhunhu.azdigi.shop\/?s={search_term_string}"},"query-input":{"@type":"PropertyValueSpecification","valueRequired":true,"valueName":"search_term_string"}}],"inLanguage":"vi"}]}},"_links":{"self":[{"href":"https:\/\/nhunhu.azdigi.shop\/index.php?rest_route=\/wp\/v2\/product\/819","targetHints":{"allow":["GET"]}}],"collection":[{"href":"https:\/\/nhunhu.azdigi.shop\/index.php?rest_route=\/wp\/v2\/product"}],"about":[{"href":"https:\/\/nhunhu.azdigi.shop\/index.php?rest_route=\/wp\/v2\/types\/product"}],"replies":[{"embeddable":true,"href":"https:\/\/nhunhu.azdigi.shop\/index.php?rest_route=%2Fwp%2Fv2%2Fcomments&post=819"}],"wp:featuredmedia":[{"embeddable":true,"href":"https:\/\/nhunhu.azdigi.shop\/index.php?rest_route=\/wp\/v2\/media\/820"}],"wp:attachment":[{"href":"https:\/\/nhunhu.azdigi.shop\/index.php?rest_route=%2Fwp%2Fv2%2Fmedia&parent=819"}],"wp:term":[{"taxonomy":"product_brand","embeddable":true,"href":"https:\/\/nhunhu.azdigi.shop\/index.php?rest_route=%2Fwp%2Fv2%2Fproduct_brand&post=819"},{"taxonomy":"product_cat","embeddable":true,"href":"https:\/\/nhunhu.azdigi.shop\/index.php?rest_route=%2Fwp%2Fv2%2Fproduct_cat&post=819"},{"taxonomy":"product_tag","embeddable":true,"href":"https:\/\/nhunhu.azdigi.shop\/index.php?rest_route=%2Fwp%2Fv2%2Fproduct_tag&post=819"}],"curies":[{"name":"wp","href":"https:\/\/api.w.org\/{rel}","templated":true}]}}