{"id":780,"date":"2026-03-27T17:36:21","date_gmt":"2026-03-27T17:36:21","guid":{"rendered":"https:\/\/nhunhu.azdigi.shop\/?post_type=product&#038;p=780"},"modified":"2026-04-12T03:12:27","modified_gmt":"2026-04-12T03:12:27","slug":"day-chuyen-nam-bac-mancode","status":"publish","type":"product","link":"https:\/\/nhunhu.azdigi.shop\/?product=day-chuyen-nam-bac-mancode","title":{"rendered":"D\u00e2y chuy\u1ec1n nam B\u1ea1c MANCODE"},"content":{"rendered":"<div class=\"\">\n<div>\n<p data-start=\"602\" data-end=\"922\"><img loading=\"lazy\" decoding=\"async\" class=\" wp-image-783 alignright\" src=\"https:\/\/nhunhu.azdigi.shop\/wp-content\/uploads\/2026\/03\/dcb-1-300x300.png\" alt=\"\" width=\"263\" height=\"263\" srcset=\"https:\/\/nhunhu.azdigi.shop\/wp-content\/uploads\/2026\/03\/dcb-1-300x300.png 300w, https:\/\/nhunhu.azdigi.shop\/wp-content\/uploads\/2026\/03\/dcb-1-1024x1024.png 1024w, https:\/\/nhunhu.azdigi.shop\/wp-content\/uploads\/2026\/03\/dcb-1-150x150.png 150w, https:\/\/nhunhu.azdigi.shop\/wp-content\/uploads\/2026\/03\/dcb-1-768x768.png 768w, https:\/\/nhunhu.azdigi.shop\/wp-content\/uploads\/2026\/03\/dcb-1-1536x1536.png 1536w, https:\/\/nhunhu.azdigi.shop\/wp-content\/uploads\/2026\/03\/dcb-1-600x600.png 600w, https:\/\/nhunhu.azdigi.shop\/wp-content\/uploads\/2026\/03\/dcb-1-100x100.png 100w, https:\/\/nhunhu.azdigi.shop\/wp-content\/uploads\/2026\/03\/dcb-1.png 2000w\" sizes=\"auto, (max-width: 263px) 100vw, 263px\" \/>D\u00e2y chuy\u1ec1n nam b\u1ea1c MANCODE l\u00e0 l\u1ef1a ch\u1ecdn ho\u00e0n h\u1ea3o cho ph\u00e1i m\u1ea1nh y\u00eau th\u00edch phong c\u00e1ch t\u1ed1i gi\u1ea3n nh\u01b0ng v\u1eabn mu\u1ed1n t\u1ea1o \u0111i\u1ec3m nh\u1ea5n kh\u00e1c bi\u1ec7t. V\u1edbi ch\u1ea5t li\u1ec7u b\u1ea1c s\u00e1ng sang tr\u1ecdng c\u00f9ng thi\u1ebft k\u1ebf m\u1eaft x\u00edch nam t\u00ednh,\u00a0mang \u0111\u1ebfn v\u1ebb ngo\u00e0i l\u1ecbch l\u00e3m, hi\u1ec7n \u0111\u1ea1i v\u00e0 d\u1ec5 ph\u1ed1i v\u1edbi nhi\u1ec1u phong c\u00e1ch th\u1eddi trang kh\u00e1c nhau.<\/p>\n<p data-start=\"924\" data-end=\"1151\">T\u1eeb outfit \u00e1o thun basic, s\u01a1 mi c\u00f4ng s\u1edf cho \u0111\u1ebfn blazer l\u1ecbch s\u1ef1, m\u1eabu d\u00e2y chuy\u1ec1n \u0111\u1ec1u gi\u00fap t\u1ed5ng th\u1ec3 tr\u1edf n\u00ean cu\u1ed1n h\u00fat h\u01a1n. \u0110\u00e2y l\u00e0 m\u00f3n ph\u1ee5 ki\u1ec7n ph\u00f9 h\u1ee3p cho nam gi\u1edbi y\u00eau th\u00edch s\u1ef1 tinh t\u1ebf nh\u01b0ng kh\u00f4ng qu\u00e1 ph\u00f4 tr\u01b0\u01a1ng.<\/p>\n<p data-start=\"924\" data-end=\"1151\"><strong>Gi\u1edbi thi\u1ec7u\u00a0<\/strong><\/p>\n<div class=\"\">\n<div class=\"px-2 py-1 text-[14px] bg-[#f2f2f2]\">D\u00f2ng h\u00e0ng: Trang s\u1ee9c B\u1ea1c<\/div>\n<\/div>\n<div class=\"\">\n<div class=\"px-2 py-1 text-[14px]\">Tr\u1ecdng l\u01b0\u1ee3ng tham kh\u1ea3o:\u00a04.79033 ph\u00e2n<\/div>\n<\/div>\n<div class=\"\">\n<div class=\"px-2 py-1 text-[14px] bg-[#f2f2f2]\">H\u00e0m l\u01b0\u1ee3ng ch\u1ea5t li\u1ec7u:\u00a09250<\/div>\n<\/div>\n<div class=\"\">\n<div class=\"px-2 py-1 text-[14px]\">Gi\u1edbi t\u00ednh: Nam<\/div>\n<div>Xu\u1ea5t x\u1ee9:\u00a0Vi\u1ec7t Nam<\/div>\n<\/div>\n<p data-start=\"924\" data-end=\"1151\"><strong>\u0110i\u1ec3m n\u1ed5i b\u1eadt\u00a0<\/strong><\/p>\n<p data-start=\"1209\" data-end=\"1270\">Nhi\u1ec1u kh\u00e1ch h\u00e0ng y\u00eau th\u00edch d\u00e2y chuy\u1ec1n\u00a0v\u00ec:<\/p>\n<p>Thi\u1ebft k\u1ebf m\u1ea1nh m\u1ebd, nam t\u00ednh<\/p>\n<p>Ch\u1ea5t li\u1ec7u b\u1ea1c s\u00e1ng b\u1ec1n \u0111\u1eb9p<\/p>\n<p>D\u1ec5 ph\u1ed1i v\u1edbi \u0111\u1ed3ng h\u1ed3 v\u00e0 nh\u1eabn<\/p>\n<p>Ph\u00f9 h\u1ee3p \u0111i l\u00e0m, \u0111i ch\u01a1i, g\u1eb7p \u0111\u1ed1i t\u00e1c<\/p>\n<p><strong>V\u00ec sao n\u00ean ch\u1ecdn d\u00e2y chuy\u1ec1n nam b\u1ea1c MANCODE?<\/strong><\/p>\n<p>T\u1ea1o \u0111i\u1ec3m nh\u1ea5n nam t\u00ednh<\/p>\n<p>T\u0103ng v\u1ebb ngo\u00e0i sang tr\u1ecdng<\/p>\n<p>Ph\u00f9 h\u1ee3p nhi\u1ec1u \u0111\u1ed9 tu\u1ed5i<\/p>\n<p>L\u00e0m qu\u00e0 t\u1eb7ng cho b\u1ea1n trai, ch\u1ed3ng ho\u1eb7c anh em r\u1ea5t h\u1ee3p<\/p>\n<\/div>\n<\/div>\n<div class=\"\">\n<div class=\"px-2 py-1 text-[14px]\"><\/div>\n<\/div>\n","protected":false},"excerpt":{"rendered":"<p>H\u01a1n c\u1ea3 m\u1ed9t m\u00f3n trang s\u1ee9c, m\u1ed7i m\u1eb7t d\u00e2y chuy\u1ec1n l\u00e0 m\u1ed9t bi\u1ec3u t\u01b0\u1ee3ng mang th\u00f4ng \u0111i\u1ec7p ri\u00eang\u2014t\u1eeb h\u00ecnh tr\u00e1i tim y\u00eau th\u01b0\u01a1ng \u0111\u1ebfn c\u1ecf b\u1ed1n l\u00e1 may m\u1eafn. H\u00e3y \u0111\u1ec3 s\u1ee3i d\u00e2y chuy\u1ec1n k\u1ec3 c\u00e2u chuy\u1ec7n c\u1ee7a ri\u00eang b\u1ea1n v\u00e0 tr\u1edf th\u00e0nh v\u1eadt ph\u1ea9m mang l\u1ea1i n\u0103ng l\u01b0\u1ee3ng t\u00edch c\u1ef1c m\u1ed7i ng\u00e0y.<\/p>\n","protected":false},"featured_media":783,"comment_status":"open","ping_status":"closed","template":"","meta":[],"product_brand":[],"product_cat":[40],"product_tag":[],"class_list":{"0":"post-780","1":"product","2":"type-product","3":"status-publish","4":"has-post-thumbnail","6":"product_cat-day-chuyen","8":"first","9":"instock","10":"sale","11":"shipping-taxable","12":"purchasable","13":"product-type-variable"},"yoast_head":"<!-- This site is optimized with the Yoast SEO plugin v26.8 - https:\/\/yoast.com\/product\/yoast-seo-wordpress\/ -->\n<title>D\u00e2y chuy\u1ec1n nam B\u1ea1c MANCODE - PN CHIC<\/title>\n<meta name=\"description\" content=\"D\u00e2y chuy\u1ec1n nam b\u1ea1c MANCODE mang phong c\u00e1ch m\u1ea1nh m\u1ebd, l\u1ecbch l\u00e3m v\u00e0 d\u1ec5 ph\u1ed1i v\u1edbi nhi\u1ec1u outfit nam t\u00ednh hi\u1ec7n \u0111\u1ea1i.\" \/>\n<meta name=\"robots\" content=\"index, follow, max-snippet:-1, max-image-preview:large, max-video-preview:-1\" \/>\n<link rel=\"canonical\" href=\"https:\/\/nhunhu.azdigi.shop\/?product=day-chuyen-nam-bac-mancode\" \/>\n<meta property=\"og:locale\" content=\"vi_VN\" \/>\n<meta property=\"og:type\" content=\"article\" \/>\n<meta property=\"og:title\" content=\"D\u00e2y chuy\u1ec1n nam B\u1ea1c MANCODE - PN CHIC\" \/>\n<meta property=\"og:description\" content=\"D\u00e2y chuy\u1ec1n nam b\u1ea1c MANCODE mang phong c\u00e1ch m\u1ea1nh m\u1ebd, l\u1ecbch l\u00e3m v\u00e0 d\u1ec5 ph\u1ed1i v\u1edbi nhi\u1ec1u outfit nam t\u00ednh hi\u1ec7n \u0111\u1ea1i.\" \/>\n<meta property=\"og:url\" content=\"https:\/\/nhunhu.azdigi.shop\/?product=day-chuyen-nam-bac-mancode\" \/>\n<meta property=\"og:site_name\" content=\"PN CHIC\" \/>\n<meta property=\"article:modified_time\" content=\"2026-04-12T03:12:27+00:00\" \/>\n<meta property=\"og:image\" content=\"https:\/\/nhunhu.azdigi.shop\/wp-content\/uploads\/2026\/03\/dcb-1.png\" \/>\n\t<meta property=\"og:image:width\" content=\"2000\" \/>\n\t<meta property=\"og:image:height\" content=\"2000\" \/>\n\t<meta property=\"og:image:type\" content=\"image\/png\" \/>\n<meta name=\"twitter:card\" content=\"summary_large_image\" \/>\n<meta name=\"twitter:label1\" content=\"\u01af\u1edbc t\u00ednh th\u1eddi gian \u0111\u1ecdc\" \/>\n\t<meta name=\"twitter:data1\" content=\"2 ph\u00fat\" \/>\n<script type=\"application\/ld+json\" class=\"yoast-schema-graph\">{\"@context\":\"https:\/\/schema.org\",\"@graph\":[{\"@type\":\"WebPage\",\"@id\":\"https:\/\/nhunhu.azdigi.shop\/?product=day-chuyen-nam-bac-mancode\",\"url\":\"https:\/\/nhunhu.azdigi.shop\/?product=day-chuyen-nam-bac-mancode\",\"name\":\"D\u00e2y chuy\u1ec1n nam B\u1ea1c MANCODE - PN CHIC\",\"isPartOf\":{\"@id\":\"https:\/\/nhunhu.azdigi.shop\/#website\"},\"primaryImageOfPage\":{\"@id\":\"https:\/\/nhunhu.azdigi.shop\/?product=day-chuyen-nam-bac-mancode#primaryimage\"},\"image\":{\"@id\":\"https:\/\/nhunhu.azdigi.shop\/?product=day-chuyen-nam-bac-mancode#primaryimage\"},\"thumbnailUrl\":\"https:\/\/nhunhu.azdigi.shop\/wp-content\/uploads\/2026\/03\/dcb-1.png\",\"datePublished\":\"2026-03-27T17:36:21+00:00\",\"dateModified\":\"2026-04-12T03:12:27+00:00\",\"description\":\"D\u00e2y chuy\u1ec1n nam b\u1ea1c MANCODE mang phong c\u00e1ch m\u1ea1nh m\u1ebd, l\u1ecbch l\u00e3m v\u00e0 d\u1ec5 ph\u1ed1i v\u1edbi nhi\u1ec1u outfit nam t\u00ednh hi\u1ec7n \u0111\u1ea1i.\",\"breadcrumb\":{\"@id\":\"https:\/\/nhunhu.azdigi.shop\/?product=day-chuyen-nam-bac-mancode#breadcrumb\"},\"inLanguage\":\"vi\",\"potentialAction\":[{\"@type\":\"ReadAction\",\"target\":[\"https:\/\/nhunhu.azdigi.shop\/?product=day-chuyen-nam-bac-mancode\"]}]},{\"@type\":\"ImageObject\",\"inLanguage\":\"vi\",\"@id\":\"https:\/\/nhunhu.azdigi.shop\/?product=day-chuyen-nam-bac-mancode#primaryimage\",\"url\":\"https:\/\/nhunhu.azdigi.shop\/wp-content\/uploads\/2026\/03\/dcb-1.png\",\"contentUrl\":\"https:\/\/nhunhu.azdigi.shop\/wp-content\/uploads\/2026\/03\/dcb-1.png\",\"width\":2000,\"height\":2000},{\"@type\":\"BreadcrumbList\",\"@id\":\"https:\/\/nhunhu.azdigi.shop\/?product=day-chuyen-nam-bac-mancode#breadcrumb\",\"itemListElement\":[{\"@type\":\"ListItem\",\"position\":1,\"name\":\"Trang ch\u1ee7\",\"item\":\"https:\/\/nhunhu.azdigi.shop\/\"},{\"@type\":\"ListItem\",\"position\":2,\"name\":\"Shop\",\"item\":\"https:\/\/nhunhu.azdigi.shop\/?page_id=85\"},{\"@type\":\"ListItem\",\"position\":3,\"name\":\"D\u00e2y chuy\u1ec1n nam B\u1ea1c MANCODE\"}]},{\"@type\":\"WebSite\",\"@id\":\"https:\/\/nhunhu.azdigi.shop\/#website\",\"url\":\"https:\/\/nhunhu.azdigi.shop\/\",\"name\":\"Ph\u1ee5 Ki\u1ec7n Nh\u1ecf - C\u00e1 T\u00ednh L\u1edbn\",\"description\":\"\",\"potentialAction\":[{\"@type\":\"SearchAction\",\"target\":{\"@type\":\"EntryPoint\",\"urlTemplate\":\"https:\/\/nhunhu.azdigi.shop\/?s={search_term_string}\"},\"query-input\":{\"@type\":\"PropertyValueSpecification\",\"valueRequired\":true,\"valueName\":\"search_term_string\"}}],\"inLanguage\":\"vi\"}]}<\/script>\n<!-- \/ Yoast SEO plugin. -->","yoast_head_json":{"title":"D\u00e2y chuy\u1ec1n nam B\u1ea1c MANCODE - PN CHIC","description":"D\u00e2y chuy\u1ec1n nam b\u1ea1c MANCODE mang phong c\u00e1ch m\u1ea1nh m\u1ebd, l\u1ecbch l\u00e3m v\u00e0 d\u1ec5 ph\u1ed1i v\u1edbi nhi\u1ec1u outfit nam t\u00ednh hi\u1ec7n \u0111\u1ea1i.","robots":{"index":"index","follow":"follow","max-snippet":"max-snippet:-1","max-image-preview":"max-image-preview:large","max-video-preview":"max-video-preview:-1"},"canonical":"https:\/\/nhunhu.azdigi.shop\/?product=day-chuyen-nam-bac-mancode","og_locale":"vi_VN","og_type":"article","og_title":"D\u00e2y chuy\u1ec1n nam B\u1ea1c MANCODE - PN CHIC","og_description":"D\u00e2y chuy\u1ec1n nam b\u1ea1c MANCODE mang phong c\u00e1ch m\u1ea1nh m\u1ebd, l\u1ecbch l\u00e3m v\u00e0 d\u1ec5 ph\u1ed1i v\u1edbi nhi\u1ec1u outfit nam t\u00ednh hi\u1ec7n \u0111\u1ea1i.","og_url":"https:\/\/nhunhu.azdigi.shop\/?product=day-chuyen-nam-bac-mancode","og_site_name":"PN CHIC","article_modified_time":"2026-04-12T03:12:27+00:00","og_image":[{"width":2000,"height":2000,"url":"https:\/\/nhunhu.azdigi.shop\/wp-content\/uploads\/2026\/03\/dcb-1.png","type":"image\/png"}],"twitter_card":"summary_large_image","twitter_misc":{"\u01af\u1edbc t\u00ednh th\u1eddi gian \u0111\u1ecdc":"2 ph\u00fat"},"schema":{"@context":"https:\/\/schema.org","@graph":[{"@type":"WebPage","@id":"https:\/\/nhunhu.azdigi.shop\/?product=day-chuyen-nam-bac-mancode","url":"https:\/\/nhunhu.azdigi.shop\/?product=day-chuyen-nam-bac-mancode","name":"D\u00e2y chuy\u1ec1n nam B\u1ea1c MANCODE - PN CHIC","isPartOf":{"@id":"https:\/\/nhunhu.azdigi.shop\/#website"},"primaryImageOfPage":{"@id":"https:\/\/nhunhu.azdigi.shop\/?product=day-chuyen-nam-bac-mancode#primaryimage"},"image":{"@id":"https:\/\/nhunhu.azdigi.shop\/?product=day-chuyen-nam-bac-mancode#primaryimage"},"thumbnailUrl":"https:\/\/nhunhu.azdigi.shop\/wp-content\/uploads\/2026\/03\/dcb-1.png","datePublished":"2026-03-27T17:36:21+00:00","dateModified":"2026-04-12T03:12:27+00:00","description":"D\u00e2y chuy\u1ec1n nam b\u1ea1c MANCODE mang phong c\u00e1ch m\u1ea1nh m\u1ebd, l\u1ecbch l\u00e3m v\u00e0 d\u1ec5 ph\u1ed1i v\u1edbi nhi\u1ec1u outfit nam t\u00ednh hi\u1ec7n \u0111\u1ea1i.","breadcrumb":{"@id":"https:\/\/nhunhu.azdigi.shop\/?product=day-chuyen-nam-bac-mancode#breadcrumb"},"inLanguage":"vi","potentialAction":[{"@type":"ReadAction","target":["https:\/\/nhunhu.azdigi.shop\/?product=day-chuyen-nam-bac-mancode"]}]},{"@type":"ImageObject","inLanguage":"vi","@id":"https:\/\/nhunhu.azdigi.shop\/?product=day-chuyen-nam-bac-mancode#primaryimage","url":"https:\/\/nhunhu.azdigi.shop\/wp-content\/uploads\/2026\/03\/dcb-1.png","contentUrl":"https:\/\/nhunhu.azdigi.shop\/wp-content\/uploads\/2026\/03\/dcb-1.png","width":2000,"height":2000},{"@type":"BreadcrumbList","@id":"https:\/\/nhunhu.azdigi.shop\/?product=day-chuyen-nam-bac-mancode#breadcrumb","itemListElement":[{"@type":"ListItem","position":1,"name":"Trang ch\u1ee7","item":"https:\/\/nhunhu.azdigi.shop\/"},{"@type":"ListItem","position":2,"name":"Shop","item":"https:\/\/nhunhu.azdigi.shop\/?page_id=85"},{"@type":"ListItem","position":3,"name":"D\u00e2y chuy\u1ec1n nam B\u1ea1c MANCODE"}]},{"@type":"WebSite","@id":"https:\/\/nhunhu.azdigi.shop\/#website","url":"https:\/\/nhunhu.azdigi.shop\/","name":"Ph\u1ee5 Ki\u1ec7n Nh\u1ecf - C\u00e1 T\u00ednh L\u1edbn","description":"","potentialAction":[{"@type":"SearchAction","target":{"@type":"EntryPoint","urlTemplate":"https:\/\/nhunhu.azdigi.shop\/?s={search_term_string}"},"query-input":{"@type":"PropertyValueSpecification","valueRequired":true,"valueName":"search_term_string"}}],"inLanguage":"vi"}]}},"_links":{"self":[{"href":"https:\/\/nhunhu.azdigi.shop\/index.php?rest_route=\/wp\/v2\/product\/780","targetHints":{"allow":["GET"]}}],"collection":[{"href":"https:\/\/nhunhu.azdigi.shop\/index.php?rest_route=\/wp\/v2\/product"}],"about":[{"href":"https:\/\/nhunhu.azdigi.shop\/index.php?rest_route=\/wp\/v2\/types\/product"}],"replies":[{"embeddable":true,"href":"https:\/\/nhunhu.azdigi.shop\/index.php?rest_route=%2Fwp%2Fv2%2Fcomments&post=780"}],"wp:featuredmedia":[{"embeddable":true,"href":"https:\/\/nhunhu.azdigi.shop\/index.php?rest_route=\/wp\/v2\/media\/783"}],"wp:attachment":[{"href":"https:\/\/nhunhu.azdigi.shop\/index.php?rest_route=%2Fwp%2Fv2%2Fmedia&parent=780"}],"wp:term":[{"taxonomy":"product_brand","embeddable":true,"href":"https:\/\/nhunhu.azdigi.shop\/index.php?rest_route=%2Fwp%2Fv2%2Fproduct_brand&post=780"},{"taxonomy":"product_cat","embeddable":true,"href":"https:\/\/nhunhu.azdigi.shop\/index.php?rest_route=%2Fwp%2Fv2%2Fproduct_cat&post=780"},{"taxonomy":"product_tag","embeddable":true,"href":"https:\/\/nhunhu.azdigi.shop\/index.php?rest_route=%2Fwp%2Fv2%2Fproduct_tag&post=780"}],"curies":[{"name":"wp","href":"https:\/\/api.w.org\/{rel}","templated":true}]}}