{"id":740,"date":"2026-03-27T17:03:07","date_gmt":"2026-03-27T17:03:07","guid":{"rendered":"https:\/\/nhunhu.azdigi.shop\/?post_type=product&#038;p=740"},"modified":"2026-04-12T03:29:32","modified_gmt":"2026-04-12T03:29:32","slug":"nhan-bac-dinh-da-sang-trong","status":"publish","type":"product","link":"https:\/\/nhunhu.azdigi.shop\/?product=nhan-bac-dinh-da-sang-trong","title":{"rendered":"Nh\u1eabn B\u1ea1c \u0111\u00ednh \u0111\u00e1"},"content":{"rendered":"<div class=\"\">\n<p data-start=\"486\" data-end=\"759\"><img loading=\"lazy\" decoding=\"async\" class=\" wp-image-742 alignright\" src=\"https:\/\/nhunhu.azdigi.shop\/wp-content\/uploads\/2026\/03\/mhnb-300x300.png\" alt=\"\" width=\"270\" height=\"270\" srcset=\"https:\/\/nhunhu.azdigi.shop\/wp-content\/uploads\/2026\/03\/mhnb-300x300.png 300w, https:\/\/nhunhu.azdigi.shop\/wp-content\/uploads\/2026\/03\/mhnb-1024x1024.png 1024w, https:\/\/nhunhu.azdigi.shop\/wp-content\/uploads\/2026\/03\/mhnb-150x150.png 150w, https:\/\/nhunhu.azdigi.shop\/wp-content\/uploads\/2026\/03\/mhnb-768x768.png 768w, https:\/\/nhunhu.azdigi.shop\/wp-content\/uploads\/2026\/03\/mhnb-1536x1536.png 1536w, https:\/\/nhunhu.azdigi.shop\/wp-content\/uploads\/2026\/03\/mhnb-600x600.png 600w, https:\/\/nhunhu.azdigi.shop\/wp-content\/uploads\/2026\/03\/mhnb-100x100.png 100w, https:\/\/nhunhu.azdigi.shop\/wp-content\/uploads\/2026\/03\/mhnb.png 2000w\" sizes=\"auto, (max-width: 270px) 100vw, 270px\" \/>Nh\u1eabn b\u1ea1c \u0111\u00ednh \u0111\u00e1 l\u00e0 m\u00f3n trang s\u1ee9c mang v\u1ebb \u0111\u1eb9p nh\u1eb9 nh\u00e0ng nh\u01b0ng v\u1eabn \u0111\u1ee7 n\u1ed5i b\u1eadt \u0111\u1ec3 t\u1ea1o d\u1ea5u \u1ea5n ri\u00eang. S\u1ef1 k\u1ebft h\u1ee3p gi\u1eefa ch\u1ea5t li\u1ec7u b\u1ea1c s\u00e1ng v\u00e0 vi\u00ean \u0111\u00e1 l\u1ea5p l\u00e1nh gi\u00fap tr\u1edf th\u00e0nh l\u1ef1a ch\u1ecdn ho\u00e0n h\u1ea3o cho nh\u1eefng ai y\u00eau th\u00edch phong c\u00e1ch n\u1eef t\u00ednh, thanh l\u1ecbch v\u00e0 hi\u1ec7n \u0111\u1ea1i.<\/p>\n<p data-start=\"761\" data-end=\"998\">M\u1ed9t chi\u1ebfc ph\u00f9 h\u1ee3p kh\u00f4ng ch\u1ec9 l\u00e0m n\u1ed5i b\u1eadt \u0111\u00f4i tay m\u00e0 c\u00f2n gi\u00fap t\u1ed5ng th\u1ec3 trang ph\u1ee5c tr\u1edf n\u00ean tinh t\u1ebf h\u01a1n. D\u00f9 \u0111i l\u00e0m, \u0111i ch\u01a1i hay tham d\u1ef1 nh\u1eefng bu\u1ed5i ti\u1ec7c nh\u1eb9, m\u1eabu nh\u1eabn n\u00e0y v\u1eabn lu\u00f4n mang l\u1ea1i v\u1ebb ngo\u00e0i sang tr\u1ecdng v\u00e0 cu\u1ed1n h\u00fat.<\/p>\n<p data-start=\"761\" data-end=\"998\"><strong>\u0110i\u1ec3m n\u1ed5i b\u1eadt\u00a0<\/strong><\/p>\n<p data-start=\"1046\" data-end=\"1097\">Nhi\u1ec1u kh\u00e1ch h\u00e0ng y\u00eau th\u00edch nh\u1eabn b\u1ea1c \u0111\u00ednh \u0111\u00e1 v\u00ec:<\/p>\n<p>Thi\u1ebft k\u1ebf thanh m\u1ea3nh, d\u1ec5 \u0111eo<\/p>\n<p>\u00c1nh \u0111\u00e1 l\u1ea5p l\u00e1nh n\u1ed5i b\u1eadt<\/p>\n<p>D\u1ec5 ph\u1ed1i v\u1edbi v\u00e1y, s\u01a1 mi ho\u1eb7c \u0111\u1ea7m ti\u1ec7c<\/p>\n<p>Ph\u00f9 h\u1ee3p nhi\u1ec1u \u0111\u1ed9 tu\u1ed5i<\/p>\n<p><strong>Khi n\u00e0o n\u00ean \u0111eo nh\u1eabn b\u1ea1c \u0111\u00ednh \u0111\u00e1?<\/strong><\/p>\n<p data-start=\"1652\" data-end=\"1681\">M\u1eabu nh\u1eabn n\u00e0y r\u1ea5t ph\u00f9 h\u1ee3p cho:<\/p>\n<p>\u0110i h\u1ecdc ho\u1eb7c \u0111i l\u00e0m h\u1eb1ng ng\u00e0y<\/p>\n<p>G\u1eb7p g\u1ee1 b\u1ea1n b\u00e8<\/p>\n<p>D\u1ef1 ti\u1ec7c ho\u1eb7c s\u1ef1 ki\u1ec7n nh\u1ecf<\/p>\n<p>L\u00e0m qu\u00e0 sinh nh\u1eadt, k\u1ef7 ni\u1ec7m<\/p>\n<p data-start=\"1794\" data-end=\"1874\">M\u1ed9t chi\u1ebfc nh\u1eabn b\u1ea1c\u00a0nh\u1ecf xinh c\u0169ng \u0111\u1ee7 \u0111\u1ec3 gi\u00fap b\u1ea1n tr\u1edf n\u00ean n\u1ed5i b\u1eadt h\u01a1n.<\/p>\n<p data-start=\"761\" data-end=\"998\"><span style=\"color: #333333;\">D\u00f2ng h\u00e0ng: Trang s\u1ee9c B\u1ea1c<\/span><\/p>\n<\/div>\n<div class=\"\">\n<div class=\"px-2 py-1 text-[14px]\">Tr\u1ecdng l\u01b0\u1ee3ng tham kh\u1ea3o:\u00a04.525 ph\u00e2n<\/div>\n<\/div>\n<div class=\"\">\n<div class=\"px-2 py-1 text-[14px] bg-[#f2f2f2]\">Gi\u1edbi t\u00ednh: N\u1eef<\/div>\n<\/div>\n","protected":false},"excerpt":{"rendered":"<p>D\u00e0nh cho nh\u1eefng ai y\u00eau th\u00edch s\u1ef1 nh\u1eb9 nh\u00e0ng nh\u01b0ng v\u1eabn mu\u1ed1n c\u00f3 ch\u00fat \u0111i\u1ec3m nh\u1ea5n. Thi\u1ebft k\u1ebf nh\u1eabn m\u1ea3nh mai \u0111\u00ednh \u0111\u00e1 nh\u1ecf li ti mang l\u1ea1i v\u1ebb \u0111\u1eb9p thanh l\u1ecbch, tr\u1ebb trung. M\u1ed9t m\u00f3n trang s\u1ee9c tuy\u1ec7t v\u1eddi \u0111\u1ec3 b\u1ea1n t\u1ef1 th\u01b0\u1edfng cho b\u1ea3n th\u00e2n ho\u1eb7c \u0111eo h\u00e0ng ng\u00e0y nh\u01b0 m\u1ed9t l\u1eddi nh\u1eafc nh\u1edf v\u1ec1 s\u1ef1 t\u1ecfa s\u00e1ng t\u1eeb b\u00ean trong.<\/p>\n","protected":false},"featured_media":741,"comment_status":"open","ping_status":"closed","template":"","meta":[],"product_brand":[],"product_cat":[38],"product_tag":[],"class_list":{"0":"post-740","1":"product","2":"type-product","3":"status-publish","4":"has-post-thumbnail","6":"product_cat-nhan-bac","8":"first","9":"instock","10":"shipping-taxable","11":"purchasable","12":"product-type-variable"},"yoast_head":"<!-- This site is optimized with the Yoast SEO plugin v26.8 - https:\/\/yoast.com\/product\/yoast-seo-wordpress\/ -->\n<title>Nh\u1eabn B\u1ea1c \u0111\u00ednh \u0111\u00e1 - PN CHIC<\/title>\n<meta name=\"description\" content=\"Nh\u1eabn b\u1ea1c \u0111\u00ednh \u0111\u00e1 mang v\u1ebb \u0111\u1eb9p sang tr\u1ecdng, n\u1eef t\u00ednh v\u00e0 gi\u00fap \u0111\u00f4i tay n\u1ed5i b\u1eadt trong m\u1ecdi phong c\u00e1ch.\" \/>\n<meta name=\"robots\" content=\"index, follow, max-snippet:-1, max-image-preview:large, max-video-preview:-1\" \/>\n<link rel=\"canonical\" href=\"https:\/\/nhunhu.azdigi.shop\/?product=nhan-bac-dinh-da-sang-trong\" \/>\n<meta property=\"og:locale\" content=\"vi_VN\" \/>\n<meta property=\"og:type\" content=\"article\" \/>\n<meta property=\"og:title\" content=\"Nh\u1eabn B\u1ea1c \u0111\u00ednh \u0111\u00e1 - PN CHIC\" \/>\n<meta property=\"og:description\" content=\"Nh\u1eabn b\u1ea1c \u0111\u00ednh \u0111\u00e1 mang v\u1ebb \u0111\u1eb9p sang tr\u1ecdng, n\u1eef t\u00ednh v\u00e0 gi\u00fap \u0111\u00f4i tay n\u1ed5i b\u1eadt trong m\u1ecdi phong c\u00e1ch.\" \/>\n<meta property=\"og:url\" content=\"https:\/\/nhunhu.azdigi.shop\/?product=nhan-bac-dinh-da-sang-trong\" \/>\n<meta property=\"og:site_name\" content=\"PN CHIC\" \/>\n<meta property=\"article:modified_time\" content=\"2026-04-12T03:29:32+00:00\" \/>\n<meta property=\"og:image\" content=\"https:\/\/nhunhu.azdigi.shop\/wp-content\/uploads\/2026\/03\/nb.png\" \/>\n\t<meta property=\"og:image:width\" content=\"2000\" \/>\n\t<meta property=\"og:image:height\" content=\"2000\" \/>\n\t<meta property=\"og:image:type\" content=\"image\/png\" \/>\n<meta name=\"twitter:card\" content=\"summary_large_image\" \/>\n<meta name=\"twitter:label1\" content=\"\u01af\u1edbc t\u00ednh th\u1eddi gian \u0111\u1ecdc\" \/>\n\t<meta name=\"twitter:data1\" content=\"2 ph\u00fat\" \/>\n<script type=\"application\/ld+json\" class=\"yoast-schema-graph\">{\"@context\":\"https:\/\/schema.org\",\"@graph\":[{\"@type\":\"WebPage\",\"@id\":\"https:\/\/nhunhu.azdigi.shop\/?product=nhan-bac-dinh-da-sang-trong\",\"url\":\"https:\/\/nhunhu.azdigi.shop\/?product=nhan-bac-dinh-da-sang-trong\",\"name\":\"Nh\u1eabn B\u1ea1c \u0111\u00ednh \u0111\u00e1 - PN CHIC\",\"isPartOf\":{\"@id\":\"https:\/\/nhunhu.azdigi.shop\/#website\"},\"primaryImageOfPage\":{\"@id\":\"https:\/\/nhunhu.azdigi.shop\/?product=nhan-bac-dinh-da-sang-trong#primaryimage\"},\"image\":{\"@id\":\"https:\/\/nhunhu.azdigi.shop\/?product=nhan-bac-dinh-da-sang-trong#primaryimage\"},\"thumbnailUrl\":\"https:\/\/nhunhu.azdigi.shop\/wp-content\/uploads\/2026\/03\/nb.png\",\"datePublished\":\"2026-03-27T17:03:07+00:00\",\"dateModified\":\"2026-04-12T03:29:32+00:00\",\"description\":\"Nh\u1eabn b\u1ea1c \u0111\u00ednh \u0111\u00e1 mang v\u1ebb \u0111\u1eb9p sang tr\u1ecdng, n\u1eef t\u00ednh v\u00e0 gi\u00fap \u0111\u00f4i tay n\u1ed5i b\u1eadt trong m\u1ecdi phong c\u00e1ch.\",\"breadcrumb\":{\"@id\":\"https:\/\/nhunhu.azdigi.shop\/?product=nhan-bac-dinh-da-sang-trong#breadcrumb\"},\"inLanguage\":\"vi\",\"potentialAction\":[{\"@type\":\"ReadAction\",\"target\":[\"https:\/\/nhunhu.azdigi.shop\/?product=nhan-bac-dinh-da-sang-trong\"]}]},{\"@type\":\"ImageObject\",\"inLanguage\":\"vi\",\"@id\":\"https:\/\/nhunhu.azdigi.shop\/?product=nhan-bac-dinh-da-sang-trong#primaryimage\",\"url\":\"https:\/\/nhunhu.azdigi.shop\/wp-content\/uploads\/2026\/03\/nb.png\",\"contentUrl\":\"https:\/\/nhunhu.azdigi.shop\/wp-content\/uploads\/2026\/03\/nb.png\",\"width\":2000,\"height\":2000},{\"@type\":\"BreadcrumbList\",\"@id\":\"https:\/\/nhunhu.azdigi.shop\/?product=nhan-bac-dinh-da-sang-trong#breadcrumb\",\"itemListElement\":[{\"@type\":\"ListItem\",\"position\":1,\"name\":\"Trang ch\u1ee7\",\"item\":\"https:\/\/nhunhu.azdigi.shop\/\"},{\"@type\":\"ListItem\",\"position\":2,\"name\":\"Shop\",\"item\":\"https:\/\/nhunhu.azdigi.shop\/?page_id=85\"},{\"@type\":\"ListItem\",\"position\":3,\"name\":\"Nh\u1eabn B\u1ea1c \u0111\u00ednh \u0111\u00e1\"}]},{\"@type\":\"WebSite\",\"@id\":\"https:\/\/nhunhu.azdigi.shop\/#website\",\"url\":\"https:\/\/nhunhu.azdigi.shop\/\",\"name\":\"Ph\u1ee5 Ki\u1ec7n Nh\u1ecf - C\u00e1 T\u00ednh L\u1edbn\",\"description\":\"\",\"potentialAction\":[{\"@type\":\"SearchAction\",\"target\":{\"@type\":\"EntryPoint\",\"urlTemplate\":\"https:\/\/nhunhu.azdigi.shop\/?s={search_term_string}\"},\"query-input\":{\"@type\":\"PropertyValueSpecification\",\"valueRequired\":true,\"valueName\":\"search_term_string\"}}],\"inLanguage\":\"vi\"}]}<\/script>\n<!-- \/ Yoast SEO plugin. -->","yoast_head_json":{"title":"Nh\u1eabn B\u1ea1c \u0111\u00ednh \u0111\u00e1 - PN CHIC","description":"Nh\u1eabn b\u1ea1c \u0111\u00ednh \u0111\u00e1 mang v\u1ebb \u0111\u1eb9p sang tr\u1ecdng, n\u1eef t\u00ednh v\u00e0 gi\u00fap \u0111\u00f4i tay n\u1ed5i b\u1eadt trong m\u1ecdi phong c\u00e1ch.","robots":{"index":"index","follow":"follow","max-snippet":"max-snippet:-1","max-image-preview":"max-image-preview:large","max-video-preview":"max-video-preview:-1"},"canonical":"https:\/\/nhunhu.azdigi.shop\/?product=nhan-bac-dinh-da-sang-trong","og_locale":"vi_VN","og_type":"article","og_title":"Nh\u1eabn B\u1ea1c \u0111\u00ednh \u0111\u00e1 - PN CHIC","og_description":"Nh\u1eabn b\u1ea1c \u0111\u00ednh \u0111\u00e1 mang v\u1ebb \u0111\u1eb9p sang tr\u1ecdng, n\u1eef t\u00ednh v\u00e0 gi\u00fap \u0111\u00f4i tay n\u1ed5i b\u1eadt trong m\u1ecdi phong c\u00e1ch.","og_url":"https:\/\/nhunhu.azdigi.shop\/?product=nhan-bac-dinh-da-sang-trong","og_site_name":"PN CHIC","article_modified_time":"2026-04-12T03:29:32+00:00","og_image":[{"width":2000,"height":2000,"url":"https:\/\/nhunhu.azdigi.shop\/wp-content\/uploads\/2026\/03\/nb.png","type":"image\/png"}],"twitter_card":"summary_large_image","twitter_misc":{"\u01af\u1edbc t\u00ednh th\u1eddi gian \u0111\u1ecdc":"2 ph\u00fat"},"schema":{"@context":"https:\/\/schema.org","@graph":[{"@type":"WebPage","@id":"https:\/\/nhunhu.azdigi.shop\/?product=nhan-bac-dinh-da-sang-trong","url":"https:\/\/nhunhu.azdigi.shop\/?product=nhan-bac-dinh-da-sang-trong","name":"Nh\u1eabn B\u1ea1c \u0111\u00ednh \u0111\u00e1 - PN CHIC","isPartOf":{"@id":"https:\/\/nhunhu.azdigi.shop\/#website"},"primaryImageOfPage":{"@id":"https:\/\/nhunhu.azdigi.shop\/?product=nhan-bac-dinh-da-sang-trong#primaryimage"},"image":{"@id":"https:\/\/nhunhu.azdigi.shop\/?product=nhan-bac-dinh-da-sang-trong#primaryimage"},"thumbnailUrl":"https:\/\/nhunhu.azdigi.shop\/wp-content\/uploads\/2026\/03\/nb.png","datePublished":"2026-03-27T17:03:07+00:00","dateModified":"2026-04-12T03:29:32+00:00","description":"Nh\u1eabn b\u1ea1c \u0111\u00ednh \u0111\u00e1 mang v\u1ebb \u0111\u1eb9p sang tr\u1ecdng, n\u1eef t\u00ednh v\u00e0 gi\u00fap \u0111\u00f4i tay n\u1ed5i b\u1eadt trong m\u1ecdi phong c\u00e1ch.","breadcrumb":{"@id":"https:\/\/nhunhu.azdigi.shop\/?product=nhan-bac-dinh-da-sang-trong#breadcrumb"},"inLanguage":"vi","potentialAction":[{"@type":"ReadAction","target":["https:\/\/nhunhu.azdigi.shop\/?product=nhan-bac-dinh-da-sang-trong"]}]},{"@type":"ImageObject","inLanguage":"vi","@id":"https:\/\/nhunhu.azdigi.shop\/?product=nhan-bac-dinh-da-sang-trong#primaryimage","url":"https:\/\/nhunhu.azdigi.shop\/wp-content\/uploads\/2026\/03\/nb.png","contentUrl":"https:\/\/nhunhu.azdigi.shop\/wp-content\/uploads\/2026\/03\/nb.png","width":2000,"height":2000},{"@type":"BreadcrumbList","@id":"https:\/\/nhunhu.azdigi.shop\/?product=nhan-bac-dinh-da-sang-trong#breadcrumb","itemListElement":[{"@type":"ListItem","position":1,"name":"Trang ch\u1ee7","item":"https:\/\/nhunhu.azdigi.shop\/"},{"@type":"ListItem","position":2,"name":"Shop","item":"https:\/\/nhunhu.azdigi.shop\/?page_id=85"},{"@type":"ListItem","position":3,"name":"Nh\u1eabn B\u1ea1c \u0111\u00ednh \u0111\u00e1"}]},{"@type":"WebSite","@id":"https:\/\/nhunhu.azdigi.shop\/#website","url":"https:\/\/nhunhu.azdigi.shop\/","name":"Ph\u1ee5 Ki\u1ec7n Nh\u1ecf - C\u00e1 T\u00ednh L\u1edbn","description":"","potentialAction":[{"@type":"SearchAction","target":{"@type":"EntryPoint","urlTemplate":"https:\/\/nhunhu.azdigi.shop\/?s={search_term_string}"},"query-input":{"@type":"PropertyValueSpecification","valueRequired":true,"valueName":"search_term_string"}}],"inLanguage":"vi"}]}},"_links":{"self":[{"href":"https:\/\/nhunhu.azdigi.shop\/index.php?rest_route=\/wp\/v2\/product\/740","targetHints":{"allow":["GET"]}}],"collection":[{"href":"https:\/\/nhunhu.azdigi.shop\/index.php?rest_route=\/wp\/v2\/product"}],"about":[{"href":"https:\/\/nhunhu.azdigi.shop\/index.php?rest_route=\/wp\/v2\/types\/product"}],"replies":[{"embeddable":true,"href":"https:\/\/nhunhu.azdigi.shop\/index.php?rest_route=%2Fwp%2Fv2%2Fcomments&post=740"}],"wp:featuredmedia":[{"embeddable":true,"href":"https:\/\/nhunhu.azdigi.shop\/index.php?rest_route=\/wp\/v2\/media\/741"}],"wp:attachment":[{"href":"https:\/\/nhunhu.azdigi.shop\/index.php?rest_route=%2Fwp%2Fv2%2Fmedia&parent=740"}],"wp:term":[{"taxonomy":"product_brand","embeddable":true,"href":"https:\/\/nhunhu.azdigi.shop\/index.php?rest_route=%2Fwp%2Fv2%2Fproduct_brand&post=740"},{"taxonomy":"product_cat","embeddable":true,"href":"https:\/\/nhunhu.azdigi.shop\/index.php?rest_route=%2Fwp%2Fv2%2Fproduct_cat&post=740"},{"taxonomy":"product_tag","embeddable":true,"href":"https:\/\/nhunhu.azdigi.shop\/index.php?rest_route=%2Fwp%2Fv2%2Fproduct_tag&post=740"}],"curies":[{"name":"wp","href":"https:\/\/api.w.org\/{rel}","templated":true}]}}